{"id":69,"date":"2024-08-13T10:54:07","date_gmt":"2024-08-13T08:54:07","guid":{"rendered":"https:\/\/www.alguesetcolibri.fr\/?page_id=69"},"modified":"2024-10-13T19:48:16","modified_gmt":"2024-10-13T17:48:16","slug":"nos-produits","status":"publish","type":"page","link":"https:\/\/www.alguesetcolibri.fr\/index.php\/nos-produits\/","title":{"rendered":"Nos produits"},"content":{"rendered":"\t\t<div data-elementor-type=\"wp-page\" data-elementor-id=\"69\" class=\"elementor elementor-69\">\n\t\t\t\t<div class=\"elementor-element elementor-element-4182f7e e-con-full e-flex e-con e-parent\" data-id=\"4182f7e\" data-element_type=\"container\">\n\t\t\t\t<div class=\"elementor-element elementor-element-ca1dbc8 elementor-widget elementor-widget-heading\" data-id=\"ca1dbc8\" data-element_type=\"widget\" data-widget_type=\"heading.default\">\n\t\t\t\t<div class=\"elementor-widget-container\">\n\t\t\t\t\t<h2 class=\"elementor-heading-title elementor-size-default\">Toutes nos algues sont cultiv\u00e9es dans notre concession, situ\u00e9e au large de St Malo, entre l'\u00eele de C\u00e9zembre\n et le fort de la Conch\u00e9e<\/h2>\t\t\t\t<\/div>\n\t\t\t\t<\/div>\n\t\t\t\t<\/div>\n\t\t<div class=\"elementor-element elementor-element-ab4b183 e-grid e-con-boxed e-con e-parent\" data-id=\"ab4b183\" data-element_type=\"container\">\n\t\t\t\t\t<div class=\"e-con-inner\">\n\t\t\t\t<div class=\"elementor-element elementor-element-eedee9e elementor-widget elementor-widget-image\" data-id=\"eedee9e\" data-element_type=\"widget\" data-widget_type=\"image.default\">\n\t\t\t\t<div class=\"elementor-widget-container\">\n\t\t\t\t\t\t\t\t\t\t\t\t<figure class=\"wp-caption\">\n\t\t\t\t\t\t\t\t\t\t<img fetchpriority=\"high\" decoding=\"async\" width=\"600\" height=\"600\" src=\"https:\/\/www.alguesetcolibri.fr\/wp-content\/uploads\/2024\/09\/recolte-e1725473578647-600x600.jpg\" class=\"attachment-ocean-thumb-m size-ocean-thumb-m wp-image-134\" alt=\"\" srcset=\"https:\/\/www.alguesetcolibri.fr\/wp-content\/uploads\/2024\/09\/recolte-e1725473578647-600x600.jpg 600w, https:\/\/www.alguesetcolibri.fr\/wp-content\/uploads\/2024\/09\/recolte-e1725473578647-150x150.jpg 150w\" sizes=\"(max-width: 600px) 100vw, 600px\" \/>\t\t\t\t\t\t\t\t\t\t\t<figcaption class=\"widget-image-caption wp-caption-text\">Kombu Royal (Saccharina latissima) frais, tout juste sorti de l'eau.<\/figcaption>\n\t\t\t\t\t\t\t\t\t\t<\/figure>\n\t\t\t\t\t\t\t\t\t<\/div>\n\t\t\t\t<\/div>\n\t\t\t\t<div class=\"elementor-element elementor-element-151c4dc elementor-widget elementor-widget-image\" data-id=\"151c4dc\" data-element_type=\"widget\" data-widget_type=\"image.default\">\n\t\t\t\t<div class=\"elementor-widget-container\">\n\t\t\t\t\t\t\t\t\t\t\t\t<figure class=\"wp-caption\">\n\t\t\t\t\t\t\t\t\t\t<img decoding=\"async\" width=\"600\" height=\"600\" src=\"https:\/\/www.alguesetcolibri.fr\/wp-content\/uploads\/2024\/10\/DSC_0303-600x600.jpg\" class=\"attachment-ocean-thumb-m size-ocean-thumb-m wp-image-206\" alt=\"\" srcset=\"https:\/\/www.alguesetcolibri.fr\/wp-content\/uploads\/2024\/10\/DSC_0303-600x600.jpg 600w, https:\/\/www.alguesetcolibri.fr\/wp-content\/uploads\/2024\/10\/DSC_0303-150x150.jpg 150w\" sizes=\"(max-width: 600px) 100vw, 600px\" \/>\t\t\t\t\t\t\t\t\t\t\t<figcaption class=\"widget-image-caption wp-caption-text\">Kombu Royal (Saccharina latissima) juv\u00e9nile, s\u00e9ch\u00e9 entier. Bocal verre 30g.<\/figcaption>\n\t\t\t\t\t\t\t\t\t\t<\/figure>\n\t\t\t\t\t\t\t\t\t<\/div>\n\t\t\t\t<\/div>\n\t\t\t\t<div class=\"elementor-element elementor-element-95f8d6a elementor-widget elementor-widget-image\" data-id=\"95f8d6a\" data-element_type=\"widget\" data-widget_type=\"image.default\">\n\t\t\t\t<div class=\"elementor-widget-container\">\n\t\t\t\t\t\t\t\t\t\t\t\t<figure class=\"wp-caption\">\n\t\t\t\t\t\t\t\t\t\t<img decoding=\"async\" width=\"600\" height=\"600\" src=\"https:\/\/www.alguesetcolibri.fr\/wp-content\/uploads\/2024\/10\/DSC_0304-600x600.jpg\" class=\"attachment-ocean-thumb-m size-ocean-thumb-m wp-image-207\" alt=\"\" srcset=\"https:\/\/www.alguesetcolibri.fr\/wp-content\/uploads\/2024\/10\/DSC_0304-600x600.jpg 600w, https:\/\/www.alguesetcolibri.fr\/wp-content\/uploads\/2024\/10\/DSC_0304-150x150.jpg 150w\" sizes=\"(max-width: 600px) 100vw, 600px\" \/>\t\t\t\t\t\t\t\t\t\t\t<figcaption class=\"widget-image-caption wp-caption-text\">Kombu Royal (Saccharina latissima) s\u00e9ch\u00e9, en paillettes. Bocal verre 30g.<\/figcaption>\n\t\t\t\t\t\t\t\t\t\t<\/figure>\n\t\t\t\t\t\t\t\t\t<\/div>\n\t\t\t\t<\/div>\n\t\t\t\t<div class=\"elementor-element elementor-element-ab937f8 elementor-widget elementor-widget-image\" data-id=\"ab937f8\" data-element_type=\"widget\" data-widget_type=\"image.default\">\n\t\t\t\t<div class=\"elementor-widget-container\">\n\t\t\t\t\t\t\t\t\t\t\t\t<figure class=\"wp-caption\">\n\t\t\t\t\t\t\t\t\t\t<img loading=\"lazy\" decoding=\"async\" width=\"600\" height=\"600\" src=\"https:\/\/www.alguesetcolibri.fr\/wp-content\/uploads\/2024\/10\/DSC_0299-600x600.jpg\" class=\"attachment-ocean-thumb-m size-ocean-thumb-m wp-image-201\" alt=\"\" srcset=\"https:\/\/www.alguesetcolibri.fr\/wp-content\/uploads\/2024\/10\/DSC_0299-600x600.jpg 600w, https:\/\/www.alguesetcolibri.fr\/wp-content\/uploads\/2024\/10\/DSC_0299-150x150.jpg 150w\" sizes=\"(max-width: 600px) 100vw, 600px\" \/>\t\t\t\t\t\t\t\t\t\t\t<figcaption class=\"widget-image-caption wp-caption-text\">Kombu Royal (Saccharina latissima) frais sal\u00e9. Bocal verre 70g ou 200g. <\/figcaption>\n\t\t\t\t\t\t\t\t\t\t<\/figure>\n\t\t\t\t\t\t\t\t\t<\/div>\n\t\t\t\t<\/div>\n\t\t\t\t<div class=\"elementor-element elementor-element-292ba56 elementor-widget elementor-widget-image\" data-id=\"292ba56\" data-element_type=\"widget\" data-widget_type=\"image.default\">\n\t\t\t\t<div class=\"elementor-widget-container\">\n\t\t\t\t\t\t\t\t\t\t\t\t<figure class=\"wp-caption\">\n\t\t\t\t\t\t\t\t\t\t<img loading=\"lazy\" decoding=\"async\" width=\"600\" height=\"600\" src=\"https:\/\/www.alguesetcolibri.fr\/wp-content\/uploads\/2024\/10\/DSC_0296-600x600.jpg\" class=\"attachment-ocean-thumb-m size-ocean-thumb-m wp-image-196\" alt=\"\" srcset=\"https:\/\/www.alguesetcolibri.fr\/wp-content\/uploads\/2024\/10\/DSC_0296-600x600.jpg 600w, https:\/\/www.alguesetcolibri.fr\/wp-content\/uploads\/2024\/10\/DSC_0296-150x150.jpg 150w\" sizes=\"(max-width: 600px) 100vw, 600px\" \/>\t\t\t\t\t\t\t\t\t\t\t<figcaption class=\"widget-image-caption wp-caption-text\">Sel gris de Noirmoutier, aux algues (Saccharina latissima). Bocal verre 150g.<\/figcaption>\n\t\t\t\t\t\t\t\t\t\t<\/figure>\n\t\t\t\t\t\t\t\t\t<\/div>\n\t\t\t\t<\/div>\n\t\t\t\t<div class=\"elementor-element elementor-element-62abcda elementor-widget elementor-widget-image\" data-id=\"62abcda\" data-element_type=\"widget\" data-widget_type=\"image.default\">\n\t\t\t\t<div class=\"elementor-widget-container\">\n\t\t\t\t\t\t\t\t\t\t\t\t<figure class=\"wp-caption\">\n\t\t\t\t\t\t\t\t\t\t<img loading=\"lazy\" decoding=\"async\" width=\"265\" height=\"268\" src=\"https:\/\/www.alguesetcolibri.fr\/wp-content\/uploads\/2024\/10\/Produits-Algues-et-colibri_page-0002-Copie.jpg\" class=\"attachment-ocean-thumb-m size-ocean-thumb-m wp-image-210\" alt=\"\" \/>\t\t\t\t\t\t\t\t\t\t\t<figcaption class=\"widget-image-caption wp-caption-text\">Pickles de Kombu Royal (Saccharina latissima). Bocal verre 50g.<\/figcaption>\n\t\t\t\t\t\t\t\t\t\t<\/figure>\n\t\t\t\t\t\t\t\t\t<\/div>\n\t\t\t\t<\/div>\n\t\t\t\t\t<\/div>\n\t\t\t\t<\/div>\n\t\t<div class=\"elementor-element elementor-element-d3c05d5 e-flex e-con-boxed e-con e-parent\" data-id=\"d3c05d5\" data-element_type=\"container\">\n\t\t\t\t\t<div class=\"e-con-inner\">\n\t\t\t\t\t<\/div>\n\t\t\t\t<\/div>\n\t\t\t\t<\/div>\n\t\t","protected":false},"excerpt":{"rendered":"<p>Toutes nos algues sont cultiv\u00e9es dans notre concession, situ\u00e9e au large de St Malo, entre l&rsquo;\u00eele de C\u00e9zembre et le fort de la Conch\u00e9e Kombu Royal (Saccharina latissima) frais, tout juste sorti de l&rsquo;eau. Kombu Royal (Saccharina latissima) juv\u00e9nile, s\u00e9ch\u00e9 entier. Bocal verre 30g. Kombu Royal (Saccharina latissima) s\u00e9ch\u00e9, en paillettes. Bocal verre 30g. Kombu [&hellip;]<\/p>\n","protected":false},"author":1,"featured_media":0,"parent":0,"menu_order":0,"comment_status":"closed","ping_status":"closed","template":"","meta":{"ocean_post_layout":"","ocean_both_sidebars_style":"","ocean_both_sidebars_content_width":0,"ocean_both_sidebars_sidebars_width":0,"ocean_sidebar":"","ocean_second_sidebar":"","ocean_disable_margins":"enable","ocean_add_body_class":"","ocean_shortcode_before_top_bar":"","ocean_shortcode_after_top_bar":"","ocean_shortcode_before_header":"","ocean_shortcode_after_header":"","ocean_has_shortcode":"","ocean_shortcode_after_title":"","ocean_shortcode_before_footer_widgets":"","ocean_shortcode_after_footer_widgets":"","ocean_shortcode_before_footer_bottom":"","ocean_shortcode_after_footer_bottom":"","ocean_display_top_bar":"default","ocean_display_header":"default","ocean_header_style":"","ocean_center_header_left_menu":"","ocean_custom_header_template":"","ocean_custom_logo":0,"ocean_custom_retina_logo":0,"ocean_custom_logo_max_width":0,"ocean_custom_logo_tablet_max_width":0,"ocean_custom_logo_mobile_max_width":0,"ocean_custom_logo_max_height":0,"ocean_custom_logo_tablet_max_height":0,"ocean_custom_logo_mobile_max_height":0,"ocean_header_custom_menu":"","ocean_menu_typo_font_family":"","ocean_menu_typo_font_subset":"","ocean_menu_typo_font_size":0,"ocean_menu_typo_font_size_tablet":0,"ocean_menu_typo_font_size_mobile":0,"ocean_menu_typo_font_size_unit":"px","ocean_menu_typo_font_weight":"","ocean_menu_typo_font_weight_tablet":"","ocean_menu_typo_font_weight_mobile":"","ocean_menu_typo_transform":"","ocean_menu_typo_transform_tablet":"","ocean_menu_typo_transform_mobile":"","ocean_menu_typo_line_height":0,"ocean_menu_typo_line_height_tablet":0,"ocean_menu_typo_line_height_mobile":0,"ocean_menu_typo_line_height_unit":"","ocean_menu_typo_spacing":0,"ocean_menu_typo_spacing_tablet":0,"ocean_menu_typo_spacing_mobile":0,"ocean_menu_typo_spacing_unit":"","ocean_menu_link_color":"","ocean_menu_link_color_hover":"","ocean_menu_link_color_active":"","ocean_menu_link_background":"","ocean_menu_link_hover_background":"","ocean_menu_link_active_background":"","ocean_menu_social_links_bg":"","ocean_menu_social_hover_links_bg":"","ocean_menu_social_links_color":"","ocean_menu_social_hover_links_color":"","ocean_disable_title":"default","ocean_disable_heading":"default","ocean_post_title":"","ocean_post_subheading":"","ocean_post_title_style":"","ocean_post_title_background_color":"","ocean_post_title_background":0,"ocean_post_title_bg_image_position":"","ocean_post_title_bg_image_attachment":"","ocean_post_title_bg_image_repeat":"","ocean_post_title_bg_image_size":"","ocean_post_title_height":0,"ocean_post_title_bg_overlay":0.5,"ocean_post_title_bg_overlay_color":"","ocean_disable_breadcrumbs":"default","ocean_breadcrumbs_color":"","ocean_breadcrumbs_separator_color":"","ocean_breadcrumbs_links_color":"","ocean_breadcrumbs_links_hover_color":"","ocean_display_footer_widgets":"default","ocean_display_footer_bottom":"default","ocean_custom_footer_template":"","footnotes":""},"class_list":["post-69","page","type-page","status-publish","hentry","entry"],"_links":{"self":[{"href":"https:\/\/www.alguesetcolibri.fr\/index.php\/wp-json\/wp\/v2\/pages\/69","targetHints":{"allow":["GET"]}}],"collection":[{"href":"https:\/\/www.alguesetcolibri.fr\/index.php\/wp-json\/wp\/v2\/pages"}],"about":[{"href":"https:\/\/www.alguesetcolibri.fr\/index.php\/wp-json\/wp\/v2\/types\/page"}],"author":[{"embeddable":true,"href":"https:\/\/www.alguesetcolibri.fr\/index.php\/wp-json\/wp\/v2\/users\/1"}],"replies":[{"embeddable":true,"href":"https:\/\/www.alguesetcolibri.fr\/index.php\/wp-json\/wp\/v2\/comments?post=69"}],"version-history":[{"count":27,"href":"https:\/\/www.alguesetcolibri.fr\/index.php\/wp-json\/wp\/v2\/pages\/69\/revisions"}],"predecessor-version":[{"id":220,"href":"https:\/\/www.alguesetcolibri.fr\/index.php\/wp-json\/wp\/v2\/pages\/69\/revisions\/220"}],"wp:attachment":[{"href":"https:\/\/www.alguesetcolibri.fr\/index.php\/wp-json\/wp\/v2\/media?parent=69"}],"curies":[{"name":"wp","href":"https:\/\/api.w.org\/{rel}","templated":true}]}}

<div data-elementor-type="wp-page" data-elementor-id="69" class="elementor elementor-69">
				<div class="elementor-element elementor-element-4182f7e e-con-full e-flex e-con e-parent" data-id="4182f7e" data-element_type="container">
				<div class="elementor-element elementor-element-ca1dbc8 elementor-widget elementor-widget-heading" data-id="ca1dbc8" data-element_type="widget" data-widget_type="heading.default">
				<div class="elementor-widget-container">
					<h2 class="elementor-heading-title elementor-size-default">Toutes nos algues sont cultivées dans notre concession, située au large de St Malo, entre l'île de Cézembre
 et le fort de la Conchée</h2>				</div>
				</div>
				</div>
		<div class="elementor-element elementor-element-ab4b183 e-grid e-con-boxed e-con e-parent" data-id="ab4b183" data-element_type="container">
					<div class="e-con-inner">
				<div class="elementor-element elementor-element-eedee9e elementor-widget elementor-widget-image" data-id="eedee9e" data-element_type="widget" data-widget_type="image.default">
				<div class="elementor-widget-container">
												<figure class="wp-caption">
										<img fetchpriority="high" decoding="async" width="600" height="600" src="https://www.alguesetcolibri.fr/wp-content/uploads/2024/09/recolte-e1725473578647-600x600.jpg" class="attachment-ocean-thumb-m size-ocean-thumb-m wp-image-134" alt="" srcset="https://www.alguesetcolibri.fr/wp-content/uploads/2024/09/recolte-e1725473578647-600x600.jpg 600w, https://www.alguesetcolibri.fr/wp-content/uploads/2024/09/recolte-e1725473578647-150x150.jpg 150w" sizes="(max-width: 600px) 100vw, 600px" />											<figcaption class="widget-image-caption wp-caption-text">Kombu Royal (Saccharina latissima) frais, tout juste sorti de l'eau.</figcaption>
										</figure>
									</div>
				</div>
				<div class="elementor-element elementor-element-151c4dc elementor-widget elementor-widget-image" data-id="151c4dc" data-element_type="widget" data-widget_type="image.default">
				<div class="elementor-widget-container">
												<figure class="wp-caption">
										<img decoding="async" width="600" height="600" src="https://www.alguesetcolibri.fr/wp-content/uploads/2024/10/DSC_0303-600x600.jpg" class="attachment-ocean-thumb-m size-ocean-thumb-m wp-image-206" alt="" srcset="https://www.alguesetcolibri.fr/wp-content/uploads/2024/10/DSC_0303-600x600.jpg 600w, https://www.alguesetcolibri.fr/wp-content/uploads/2024/10/DSC_0303-150x150.jpg 150w" sizes="(max-width: 600px) 100vw, 600px" />											<figcaption class="widget-image-caption wp-caption-text">Kombu Royal (Saccharina latissima) juvénile, séché entier. Bocal verre 30g.</figcaption>
										</figure>
									</div>
				</div>
				<div class="elementor-element elementor-element-95f8d6a elementor-widget elementor-widget-image" data-id="95f8d6a" data-element_type="widget" data-widget_type="image.default">
				<div class="elementor-widget-container">
												<figure class="wp-caption">
										<img decoding="async" width="600" height="600" src="https://www.alguesetcolibri.fr/wp-content/uploads/2024/10/DSC_0304-600x600.jpg" class="attachment-ocean-thumb-m size-ocean-thumb-m wp-image-207" alt="" srcset="https://www.alguesetcolibri.fr/wp-content/uploads/2024/10/DSC_0304-600x600.jpg 600w, https://www.alguesetcolibri.fr/wp-content/uploads/2024/10/DSC_0304-150x150.jpg 150w" sizes="(max-width: 600px) 100vw, 600px" />											<figcaption class="widget-image-caption wp-caption-text">Kombu Royal (Saccharina latissima) séché, en paillettes. Bocal verre 30g.</figcaption>
										</figure>
									</div>
				</div>
				<div class="elementor-element elementor-element-ab937f8 elementor-widget elementor-widget-image" data-id="ab937f8" data-element_type="widget" data-widget_type="image.default">
				<div class="elementor-widget-container">
												<figure class="wp-caption">
										<img loading="lazy" decoding="async" width="600" height="600" src="https://www.alguesetcolibri.fr/wp-content/uploads/2024/10/DSC_0299-600x600.jpg" class="attachment-ocean-thumb-m size-ocean-thumb-m wp-image-201" alt="" srcset="https://www.alguesetcolibri.fr/wp-content/uploads/2024/10/DSC_0299-600x600.jpg 600w, https://www.alguesetcolibri.fr/wp-content/uploads/2024/10/DSC_0299-150x150.jpg 150w" sizes="(max-width: 600px) 100vw, 600px" />											<figcaption class="widget-image-caption wp-caption-text">Kombu Royal (Saccharina latissima) frais salé. Bocal verre 70g ou 200g. </figcaption>
										</figure>
									</div>
				</div>
				<div class="elementor-element elementor-element-292ba56 elementor-widget elementor-widget-image" data-id="292ba56" data-element_type="widget" data-widget_type="image.default">
				<div class="elementor-widget-container">
												<figure class="wp-caption">
										<img loading="lazy" decoding="async" width="600" height="600" src="https://www.alguesetcolibri.fr/wp-content/uploads/2024/10/DSC_0296-600x600.jpg" class="attachment-ocean-thumb-m size-ocean-thumb-m wp-image-196" alt="" srcset="https://www.alguesetcolibri.fr/wp-content/uploads/2024/10/DSC_0296-600x600.jpg 600w, https://www.alguesetcolibri.fr/wp-content/uploads/2024/10/DSC_0296-150x150.jpg 150w" sizes="(max-width: 600px) 100vw, 600px" />											<figcaption class="widget-image-caption wp-caption-text">Sel gris de Noirmoutier, aux algues (Saccharina latissima). Bocal verre 150g.</figcaption>
										</figure>
									</div>
				</div>
				<div class="elementor-element elementor-element-62abcda elementor-widget elementor-widget-image" data-id="62abcda" data-element_type="widget" data-widget_type="image.default">
				<div class="elementor-widget-container">
												<figure class="wp-caption">
										<img loading="lazy" decoding="async" width="265" height="268" src="https://www.alguesetcolibri.fr/wp-content/uploads/2024/10/Produits-Algues-et-colibri_page-0002-Copie.jpg" class="attachment-ocean-thumb-m size-ocean-thumb-m wp-image-210" alt="" />											<figcaption class="widget-image-caption wp-caption-text">Pickles de Kombu Royal (Saccharina latissima). Bocal verre 50g.</figcaption>
										</figure>
									</div>
				</div>
					</div>
				</div>
		<div class="elementor-element elementor-element-d3c05d5 e-flex e-con-boxed e-con e-parent" data-id="d3c05d5" data-element_type="container">
					<div class="e-con-inner">
					</div>
				</div>
				</div>

<p>Toutes nos algues sont cultivées dans notre concession, située au large de St Malo, entre l&rsquo;île de Cézembre et le fort de la Conchée Kombu Royal (Saccharina latissima) frais, tout juste sorti de l&rsquo;eau. Kombu Royal (Saccharina latissima) juvénile, séché entier. Bocal verre 30g. Kombu Royal (Saccharina latissima) séché, en paillettes. Bocal verre 30g. Kombu [&hellip;]</p>
